305540055 + 1?
305540100
In base 7, what is -404 - 23?
-430
In base 15, what is 28c0 - 15?
28aa
In base 9, what is 3 - -650488?
650502
In base 9, what is -28 + 1067?
1038
In base 7, what is -46 - -6615?
6536
In base 12, what is -7b - 50?
-10b
In base 16, what is -218 + -4d?
-265
In base 10, what is -3 + 3071?
3068
In base 8, what is 76 - 651?
-553
In base 9, what is 727 - -6080?
6817
In base 2, what is 100010111 + 1001101000?
1101111111
In base 9, what is 1082826 + 2?
1082828
In base 13, what is -7 + -5490a?
-54914
In base 7, what is -146 - 3630?
-4106
In base 11, what is -1 + 9a17?
9a16
In base 15, what is 6a8 + -33?
675
In base 5, what is -12 - -212434?
212422
In base 7, what is 143 - 3452?
-3306
In base 8, what is 0 + 5062?
5062
In base 14, what is -d32 - 145?
-1077
In base 15, what is -67b8 + 151?
-6667
In base 6, what is -4455 - 105?
-5004
In base 10, what is -2383 + -1362?
-3745
In base 2, what is -1010 - -1100011010101011?
1100011010100001
In base 13, what is -3 - 10755?
-10758
In base 4, what is 1210030 + -123?
1203301
In base 15, what is 14ae88 + -5?
14ae83
In base 6, what is -544035 - 11?
-544050
In base 2, what is -1001011111 - 1011110?
-1010111101
In base 14, what is 30a29 + -1?
30a28
In base 5, what is 114014 + 3?
114022
In base 7, what is -40 + -51462?
-51532
In base 5, what is -4 + 40111201?
40111142
In base 14, what is -1 - -7ac?
7ab
In base 5, what is 1022 - -13201?
14223
In base 12, what is 620 + 16?
636
In base 2, what is -100101001011 - -1001?
-100101000010
In base 3, what is -1111012101 + -202?
-1111020010
In base 10, what is -18588 + -14?
-18602
In base 9, what is -502411 - -4?
-502406
In base 9, what is -278437 - -4?
-278433
In base 5, what is -30 - -120440241?
120440211
In base 2, what is 110111011 - 11000111?
11110100
In base 8, what is -514 + -3654?
-4370
In base 7, what is -655 + -3003?
-3661
In base 9, what is -252 - 311?
-563
In base 15, what is 69 + -5b8?
-54e
In base 14, what is -5 - 110d97?
-110d9c
In base 14, what is 41d73 - -1?
41d74
In base 11, what is 2 + -2a3a0?
-2a399
In base 11, what is 1081a + 37?
10856
In base 4, what is -10 - -3113211?
3113201
In base 8, what is 6241 - 44?
6175
In base 5, what is -10 - -12101302?
12101242
In base 3, what is 2212211 + 200101?
10120012
In base 16, what is 9 - 70310?
-70307
In base 11, what is -3 + 33400?
333a8
In base 6, what is 3 - 14442012?
-14442005
In base 12, what is a92 + 2127?
2bb9
In base 6, what is -14 - 3051342?
-3051400
In base 6, what is 44334 + -2?
44332
In base 15, what is e70aa0 - -3?
e70aa3
In base 2, what is -11010110101 + 11100010?
-10111010011
In base 12, what is -32 - 7a2?
-814
In base 16, what is 20e - 1db?
33
In base 3, what is 212210100200 - 0?
212210100200
In base 4, what is -2 + 2010113?
2010111
In base 8, what is 30667 + 30?
30717
In base 6, what is -4 - -323020?
323012
In base 12, what is 390 - 880?
-4b0
In base 15, what is a85 + -1c?
a68
In base 5, what is 241 + -343402?
-343111
In base 16, what is c9b + 4?
c9f
In base 16, what is 1 - -1d6b?
1d6c
In base 9, what is 1273671 + -4?
1273666
In base 6, what is 2514242 - 2?
2514240
In base 10, what is 52 - 3801?
-3749
In base 14, what is 0 + 2cc2?
2cc2
In base 7, what is -2 - -224211?
224206
In base 13, what is 48 - -37a7?
3822
In base 3, what is -1 - -101020122021?
101020122020
In base 9, what is 5 + -483273?
-483267
In base 2, what is -11111 + 11101000000?
11100100001
In base 15, what is 7 - -adc?
ae4
In base 3, what is 1221001 - -120?
1221121
In base 6, what is 1103 - -33450?
34553
In base 12, what is -2 + 1aa24?
1aa22
In base 8, what is 0 + 70043?
70043
In base 15, what is -13d60 - -a?
-13d55
In base 4, what is 1222023 - 1130?
1220233
In base 7, what is -3066620 + -1?
-3066621
In base 8, what is -14 - 3346?
-3362
In base 4, what is -1 + -1012122?
-1012123
In base 12, what is 5 + -2199a?
-21995
In base 2, what is 100000010010 + -11100?
11111110110
In base 6, what is 3102530 + 2?
3102532
In base 8, what is -1476503 - -4?
-1476477
In base 15, what is -2 + -13472?
-13474
In base 7, what is -3 + 10415515?
10415512
In base 8, what is -2 - -12650?
12646
In base 9, what is -81730 - 1?
-81731
In base 4, what is -3 + -210322?
-210331
In base 16, what is 167 - 44?
123
In base 12, what is -2 + -3124?
-3126
In base 10, what is -5026 + -18?
-5044
In base 7, what is 14 + 53110?
53124
In base 15, what is -4c43 - -2c?
-4c16
In base 10, what is -2710 - 191?
-2901
In base 6, what is 315 + 202215?
202534
In base 4, what is -1 + 313132232?
313132231
In base 10, what is -17968 + 2?
-17966
In base 15, what is -15d6 + -2e?
-1615
In base 10, what is 374094 + 5?
374099
In base 16, what is 7 + -ee2?
-edb
In base 5, what is 22 - 2024?
-2002
In base 11, what is -3 + 9230?
9228
In base 14, what is 5 - 1a4661?
-1a465a
In base 5, what is 121331 + 14?
121400
In base 4, what is -23 + 121022?
120333
In base 13, what is -5 + -b2c4?
-b2c9
In base 12, what is -baa + a?
-ba0
In base 6, what is -3 - 151402?
-151405
In base 10, what is 37016 + 4?
37020
In base 16, what is -b50c - -7?
-b505
In base 11, what is -63322 + -27?
-63349
In base 15, what is 11a - -74?
18e
In base 7, what is -24 - -1004614?
1004560
In base 16, what is 2d0 - -6e?
33e
In base 12, what is 8 + 19a741?
19a749
In base 2, what is -1101001100 - 101100110?
-10010110010
In base 2, what is 101100011100010 - 11110?
101100011000100
In base 13, what is 274 + -2b?
246
In base 14, what is -2 + b6455?
b6453
In base 7, what is -1650 + 146?
-1501
In base 2, what is -10 + -10001101100011?
-10001101100101
In base 7, what is -1553 - -16?
-1534
In base 9, what is -23 + 2533?
2510
In base 6, what is -1512 + 14004?
12052
In base 6, what is 352 - -22532?
23324
In base 6, what is -25 - 15435?
-15504
In base 4, what is -1011032 - 1012?
-1012110
In base 9, what is -4 - 37202?
-37206
In base 2, what is 1100100 - 110001001001000?
-110000111100100
In base 2, what is -10 + 11011001000000?
11011000111110
In base 14, what is 2 + 20914?
20916
In base 14, what is 1294 - 3b6?
cbc
In base 3, what is 20101 - -20000?
110101
In base 5, what is 43142 - -2300?
100442
In base 14, what is 3 - 10c36?
-10c33
In base 11, what is -100607 - -5?
-100602
In base 16, what is -3 - -80cf?
80cc
In base 6, what is 124342 - 330?
124012
In base 13, what is 19734 - 1?
19733
In base 8, what is -43 - -22140?
22075
In base 8, what is -5 + -132303?
-132310
In base 7, what is -66 + 21566?
21500
In base 3, what is -2 - 12011020?
-12011022
In base 15, what is 4 + 9d335?
9d339
In base 8, what is -375631 - 31?
-375662
In base 6, what is 32 + 1054144?
1054220
In base 3, what is -1122120112 + 12?
-1122120100
In base 5, what is 34032 - -2020?
41102
In base 15, what is 2944 - 8?
293b
In base 16, what is -5 - 139e2?
-139e7
In base 4, what is 3020121220 + -1?
3020121213
In base 11, what is -1 + 7a68a4?
7a68a3
In base 6, what is 55252202 + -1?
55252201
In base 14, what is 6 - -b72c4?
b72ca
In base 9, what is -4 + -327041?
-327045
In base 15, what is 389a9 + 2?
389ab
In base 11, what is -a3 - 8?
-100
In base 9, what is -1650220 + 1?
-1650218
In base 7, what is -1526 - 323?
-2152
In base 2, what is -1001101001 - -1111100?
-111101101
In base 15, what is -7 - -1504?
14ec
In base 14, what is -8 + -2c34a?
-2c354
In base 2, what is -111100011110111 + -11?
-111100011111010
In base 4, what is -33313123 + 3?
-33313120
In base 16, what is -1ebea + -5?
-1ebef
In base 2, what is 100000011111100 + -11111?
100000011011101
In base 6, what is -50403 + 30?
-50333
In base 12, what is 8 - 23046?
-2303a
In base 7, what is 2 + -12031?
-12026
In base 15, what is cd6 - -15?
ceb
In base 6, what is 101112 + 15?
101131
In base 6, what is -223043 - -4?
-223035
In base 12, what is -73883b + -3?
-738842
In base 8, what is 15 + 27141?
27156
In base 11, what is -2 - 25a605?
-25a607
In base 4, what is 11 - 10202333230?
-10202333213
In base 12, what is 123809 + 5?
123812
In base 14, what is -9 + 2c50?
2c45
In base 7, what is -621 + -1251?
-2202
In base 10, what is -41 - -24151?
24110
In base 4, what is 202223203 - 1?
202223202
In base 14, what is 2aba + -15?
2aa5
In base 4, what is -13023 + -103?
-13132
In base 8, what is 215351 - -42?
215413
In base 5, what is -304 - 123442?
-124301
In base 5, what is -1 + -4313233?
-4313234
In base 4, what is -233012131 + 2?
-233